) to base 15
305
Convert 1212020002 (base 3) to base 13.
13886
-10101110001010001 (base 2) to base 14
-246d3
What is -39d4 (base 15) in base 2?
-11000000111101
-1117 (base 8) to base 3
-210220
What is 12011211 (base 4) in base 16?
6165
2061 (base 7) to base 16
2d9
Convert -221010 (base 3) to base 6.
-3050
What is 6813 (base 10) in base 9?
10310
Convert 62423 (base 9) to base 8.
120321
What is 2444 (base 10) in base 2?
100110001100
-451 (base 7) to base 8
-350
2302030 (base 4) to base 3
120122101
What is -39 (base 13) in base 4?
-300
124550 (base 7) to base 9
34815
22 (base 12) to base 7
35
What is 1334 (base 8) in base 9?
1003
-11010 (base 2) to base 12
-22
Convert -76c5 (base 14) to base 2.
-101000001001101
Convert -110011000101 (base 2) to base 14.
-1297
13145 (base 6) to base 9
2672
Convert 32a (base 15) to base 16.
2cb
-106064 (base 8) to base 7
-206433
Convert -95a1 (base 11) to base 3.
-122102012
What is -181 (base 13) in base 4?
-10102
ac23 (base 14) to base 9
44816
1101011 (base 2) to base 9
128
-1859 (base 10) to base 12
-10ab
Convert -418 (base 10) to base 13.
-262
-12120 (base 3) to base 10
-150
Convert -101000111000 (base 2) to base 9.
-3526
2b2 (base 14) to base 3
202022
Convert -403 (base 10) to base 13.
-250
Convert -50926 (base 10) to base 15.
-10151
729 (base 10) to base 8
1331
-1102003 (base 4) to base 9
-7174
Convert 631 (base 15) to base 7.
4033
Convert -1076 (base 9) to base 2.
-1100011110
Convert 430b (base 15) to base 12.
8262
What is -102111010 (base 3) in base 7?
-33261
Convert 38524 (base 10) to base 12.
1a364
Convert -610 (base 9) to base 8.
-757
Convert 2200110 (base 3) to base 2.
11110100100
What is -23241 (base 6) in base 13?
-1699
What is -2bc0 (base 16) in base 4?
-2233000
What is 27d (base 15) in base 5?
4233
Convert 2461 (base 11) to base 3.
11102000
Convert 85a (base 14) to base 15.
74d
What is -3100303 (base 4) in base 15?
-3e5d
58145 (base 9) to base 11
27136
What is -4a7 (base 13) in base 8?
-1455
-14050 (base 7) to base 9
-5201
Convert 43013 (base 5) to base 16.
b43
Convert 3231 (base 6) to base 9.
1011
3300 (base 5) to base 7
1212
111112210 (base 3) to base 16
2694
What is -28cd (base 16) in base 4?
-2203031
3399 (base 14) to base 5
241310
What is -5475 (base 11) in base 5?
-212341
Convert 222202012 (base 3) to base 9.
28665
-1759 (base 12) to base 7
-11115
-145 (base 9) to base 4
-1322
What is 10101100001 (base 2) in base 15?
61c
-6692 (base 12) to base 3
-120120002
3142 (base 5) to base 12
2b2
What is 1358 (base 10) in base 12?
952
6606 (base 9) to base 12
2996
Convert 3222 (base 5) to base 11.
368
What is 20101 (base 3) in base 16?
ac
Convert 10132 (base 4) to base 13.
190
What is -53 (base 10) in base 9?
-58
-2 (base 12) to base 6
-2
1181 (base 14) to base 7
11621
What is -605 (base 7) in base 8?
-453
Convert 1100100010111 (base 2) to base 3.
22210220
What is 71b8 (base 12) in base 9?
17875
What is -14968 (base 13) in base 12?
-1a664
-112322 (base 6) to base 14
-3718
Convert 2003 (base 7) to base 6.
3105
Convert 3361 (base 7) to base 4.
103003
What is 41433 (base 5) in base 10?
2743
-10100111010011 (base 2) to base 15
-328c
-200 (base 15) to base 13
-288
What is 2370 (base 8) in base 16?
4f8
-1000001011 (base 2) to base 8
-1013
What is -6355 (base 7) in base 14?
-b65
Convert -4534 (base 6) to base 13.
-640
Convert -3a81 (base 14) to base 8.
-24101
2015 (base 10) to base 2
11111011111
2026 (base 7) to base 4
23002
Convert -a5b (base 15) to base 11.
-1834
-3277 (base 9) to base 3
-10022121
-201 (base 15) to base 6
-2031
Convert -110112102 (base 3) to base 8.
-21661
What is -5d (base 15) in base 7?
-154
-ca (base 16) to base 13
-127
Convert 2bb (base 12) to base 11.
362
11294 (base 15) to base 12
27711
-150424 (base 6) to base 16
-3850
What is -101011021 (base 3) in base 12?
-4351
What is 199 (base 12) in base 11?
218
Convert 1063 (base 8) to base 6.
2335
-2b0 (base 14) to base 2
-1000100010
What is 37831 (base 9) in base 7?
134143
Convert -1001010110001 (base 2) to base 3.
-20120020
Convert 1323410 (base 5) to base 10.
26730
419 (base 11) to base 3
200200
Convert -87048 (base 9) to base 12.
-2942b
-31c4 (base 14) to base 6
-103452
-10000000101 (base 2) to base 14
-537
Convert 4f32 (base 16) to base 13.
92c7
What is -77565 (base 10) in base 12?
-38a79
What is -320 (base 7) in base 12?
-115
What is 3a68 (base 13) in base 7?
33252
-72 (base 16) to base 11
-a4
a35b (base 12) to base 7
102563
What is 739a (base 16) in base 7?
152165
1468 (base 13) to base 6
21411
Convert 14105 (base 7) to base 4.
323303
What is 11012102 (base 3) in base 8?
5766
-117 (base 11) to base 2
-10001011
Convert -b9c (base 13) to base 16.
-7c4
What is -111144 (base 6) in base 11?
-7032
Convert 675 (base 16) to base 13.
9a2
What is -1797 (base 10) in base 14?
-925
5dd (base 15) to base 12
931
253 (base 11) to base 2
100101100
Convert 1011011 (base 2) to base 4.
1123
What is 1592 (base 11) in base 15?
90c
Convert 373 (base 9) to base 12.
219
Convert -2a171 (base 12) to base 3.
-2222220111
Convert 413 (base 11) to base 3.
200110
Convert -182 (base 15) to base 4.
-11123
What is 2a85 (base 12) in base 8?
11605
-13020222 (base 4) to base 7
-151131
What is -22100 (base 5) in base 7?
-4306
What is 4a5 (base 11) in base 16?
257
-16674 (base 9) to base 7
-45331
What is -20012 (base 9) in base 14?
-4b01
Convert 1353 (base 8) to base 15.
34c
100010111 (base 2) to base 10
279
What is -10101100 (base 2) in base 13?
-103
What is 380 (base 12) in base 16?
210
-2201 (base 7) to base 12
-555
What is -10741 (base 10) in base 12?
-6271
Convert -1605a (base 11) to base 2.
-101100010100100
-20010 (base 8) to base 10
-8200
What is -22735 (base 9) in base 10?
-15179
147b (base 12) to base 3
10021212
-883 (base 11) to base 9
-1406
3611 (base 9) to base 14
d99
What is -27d (base 16) in base 10?
-637
What is -179 (base 11) in base 8?
-317
What is -40624 (base 7) in base 11?
-74a5
-a2 (base 15) to base 11
-129
What is -2122 (base 3) in base 11?
-65
What is -2055 (base 10) in base 9?
-2733
-158c (base 13) to base 11
-2411
What is 133022 (base 7) in base 2?
110000111011111
What is -121002 (base 3) in base 5?
-3214
-1255 (base 8) to base 12
-491
10611 (base 7) to base 10
2703
What is 7c6 (base 13) in base 7?
3631
Convert -12424 (base 5) to base 9.
-1318
What is 299 (base 15) in base 2?
1001010010
What is -2a1 (base 14) in base 2?
-1000010101
-8c6 (base 13) to base 11
-1157
Convert 3668 (base 13) to base 14.
2b35
2153 (base 6) to base 13
2c7
Convert -5276 (base 15) to base 7.
-101556
Convert 12220 (base 3) to base 12.
113
-102022101 (base 3) to base 8
-20065
-3653 (base 11) to base 14
-1a53
101202 (base 3) to base 10
290
What is -2c1 (base 16) in base 15?
-320
30241 (base 5) to base 16
79a
What is -395 (base 12) in base 13?
-32c
1110010001111 (base 2) to base 7
30213
What is 5e4 (base 15) in base 2?
10100111011
-41661 (base 7) to base 15
-30a9
What is 413 (base 13) in base 3?
221122
2715 (base 9) to base 7
5642
-1533 (base 7) to base 8
-1144
Convert -5250 (base 10) to base 8.
-12202
2571 (base 15) to base 13
382c
-2259 (base 11) to base 3
-11001221
-a950 (base 16) to base 9
-65410
What is 10324 (base 5) in base 4?
23022
-2656 (base 8) to base 14
-75c
-8b87 (base 15) to base 12
-1516a
Convert -1010010 (base 2) to base 12.
-6a
What is 2302 (base 7) in base 5?
11320
What is 13445 (base 6) in base 7?
6113
What is 13190 (base 14) in base 4?
23131322
Convert 1c60 (base 14) to base 11.
398a
What is -240104 (base 5) in base 7?
-34411
What is -802 (base 9) in base 5?
-10100
What is -312023 (base 4) in base 7?
-13052
Convert -110 (base 8) to base 6.
-200
Convert -201240 (base 7) to base 14.
-c5c7
131332 (base 4) to base 10
1918
21012303 (base 4) to base 8
110663
4946 (base 14) to base 5
402202
e8 (base 15) to base 5
1333
-14772 (base 10) to base 14
-5552
Convert -3024 (base 9) to base 10.
-2209
9b (base 15) to base 2
10010010
What is -2202 (base 6) in base 7?
-1322
869 (base 10) to base 16
365
-2543 (base 6) to base 15
-2c9
What is -1010000101111 (base 2) in base 4?
-1100233
Convert 250 (base 6) to base 12.
86
What is -bd1d (base 14) in base 3?
-1122221022
Convert -4042 (base 5) to base 15.
-24c
What is -28715 (base 9) in base 6?
-230235
What is -5885 (base 9) in base 